te the remainder when 1376 is divided by 326.
72
What is the remainder when 1641 is divided by 53?
51
Calculate the remainder when 628 is divided by 63.
61
Calculate the remainder when 2708 is divided by 143.
134
Calculate the remainder when 417 is divided by 15.
12
What is the remainder when 564 is divided by 63?
60
Calculate the remainder when 1168 is divided by 65.
63
Calculate the remainder when 602 is divided by 2.
0
What is the remainder when 450 is divided by 17?
8
Calculate the remainder when 180 is divided by 26.
24
Calculate the remainder when 594 is divided by 19.
5
What is the remainder when 37 is divided by 5?
2
What is the remainder when 3077 is divided by 13?
9
What is the remainder when 422 is divided by 27?
17
Calculate the remainder when 125 is divided by 13.
8
Calculate the remainder when 1291 is divided by 7.
3
Calculate the remainder when 59 is divided by 9.
5
What is the remainder when 3147 is divided by 25?
22
Calculate the remainder when 4677 is divided by 12.
9
What is the remainder when 329 is divided by 15?
14
Calculate the remainder when 349 is divided by 84.
13
What is the remainder when 238 is divided by 11?
7
Calculate the remainder when 2869 is divided by 23.
17
What is the remainder when 847 is divided by 4?
3
What is the remainder when 1901 is divided by 67?
25
Calculate the remainder when 3587 is divided by 46.
45
Calculate the remainder when 420 is divided by 135.
15
Calculate the remainder when 181 is divided by 165.
16
What is the remainder when 979 is divided by 311?
46
What is the remainder when 230 is divided by 116?
114
What is the remainder when 900 is divided by 17?
16
Calculate the remainder when 911 is divided by 76.
75
What is the remainder when 970 is divided by 15?
10
What is the remainder when 120 is divided by 62?
58
What is the remainder when 356 is divided by 143?
70
What is the remainder when 80 is divided by 13?
2
Calculate the remainder when 631 is divided by 207.
10
Calculate the remainder when 1147 is divided by 14.
13
Calculate the remainder when 10 is divided by 5.
0
Calculate the remainder when 157 is divided by 29.
12
Calculate the remainder when 378 is divided by 12.
6
What is the remainder when 38 is divided by 14?
10
What is the remainder when 43 is divided by 23?
20
What is the remainder when 135 is divided by 55?
25
What is the remainder when 2361 is divided by 6?
3
Calculate the remainder when 13185 is divided by 19.
18
What is the remainder when 5880 is divided by 203?
196
What is the remainder when 1540 is divided by 67?
66
Calculate the remainder when 640 is divided by 3.
1
What is the remainder when 249 is divided by 72?
33
Calculate the remainder when 304 is divided by 73.
12
Calculate the remainder when 202 is divided by 66.
4
Calculate the remainder when 2825 is divided by 68.
37
Calculate the remainder when 53 is divided by 14.
11
What is the remainder when 46 is divided by 13?
7
What is the remainder when 44 is divided by 11?
0
What is the remainder when 1805 is divided by 34?
3
Calculate the remainder when 258 is divided by 43.
0
What is the remainder when 202 is divided by 9?
4
What is the remainder when 2039 is divided by 13?
11
What is the remainder when 564 is divided by 38?
32
What is the remainder when 1146 is divided by 19?
6
Calculate the remainder when 508 is divided by 51.
49
Calculate the remainder when 40 is divided by 7.
5
What is the remainder when 20517 is divided by 4?
1
What is the remainder when 661 is divided by 352?
309
Calculate the remainder when 246 is divided by 18.
12
Calculate the remainder when 14292 is divided by 15.
12
What is the remainder when 2589 is divided by 8?
5
Calculate the remainder when 1114 is divided by 50.
14
Calculate the remainder when 130 is divided by 34.
28
Calculate the remainder when 469 is divided by 94.
93
What is the remainder when 109 is divided by 31?
16
Calculate the remainder when 772 is divided by 9.
7
What is the remainder when 1772 is divided by 25?
22
Calculate the remainder when 212 is divided by 10.
2
Calculate the remainder when 323 is divided by 25.
23
Calculate the remainder when 7797 is divided by 110.
97
Calculate the remainder when 1448 is divided by 12.
8
Calculate the remainder when 99 is divided by 34.
31
Calculate the remainder when 322 is divided by 69.
46
What is the remainder when 612 is divided by 247?
118
What is the remainder when 159 is divided by 2?
1
Calculate the remainder when 637 is divided by 16.
13
Calculate the remainder when 999 is divided by 91.
89
What is the remainder when 1395 is divided by 88?
75
What is the remainder when 212 is divided by 24?
20
What is the remainder when 129 is divided by 57?
15
What is the remainder when 1651 is divided by 823?
5
What is the remainder when 78 is divided by 25?
3
Calculate the remainder when 50 is divided by 21.
8
Calculate the remainder when 239 is divided by 61.
56
Calculate the remainder when 53 is divided by 20.
13
Calculate the remainder when 30973 is divided by 121.
118
What is the remainder when 239 is divided by 28?
15
Calculate the remainder when 803 is divided by 8.
3
Calculate the remainder when 61 is divided by 8.
5
Calculate the remainder when 1212 is divided by 18.
6
Calculate the remainder when 266 is divided by 19.
0
Calculate the remainder when 418 is divided by 10.
8
What is the remainder when 53 is divided by 12?
5
What is the remainder when 267 is divided by 266?
1
What is the remainder when 103 is divided by 22?
15
What is the remainder when 269 is divided by 137?
132
Calculate the remainder when 36 is divided by 19.
17
What is the remainder when 966 is divided by 51?
48
Calculate the remainder when 413 is divided by 42.
35
Calculate the remainder when 1452 is divided by 92.
72
Calculate the remainder when 469 is divided by 437.
32
What is the remainder when 531 is divided by 246?
39
What is the remainder when 35 is divided by 10?
5
Calculate the remainder when 315 is divided by 108.
99
Calculate the remainder when 505 is divided by 490.
15
Calculate the remainder when 451 is divided by 4.
3
What is the remainder when 305 is divided by 11?
8
Calculate the remainder when 670 is divided by 34.
24
Calculate the remainder when 3545 is divided by 49.
17
Calculate the remainder when 696 is divided by 226.
18
Calculate the remainder when 86 is divided by 15.
11
Calculate the remainder when 130 is divided by 13.
0
What is the remainder when 2853 is divided by 119?
116
What is the remainder when 118 is divided by 24?
22
Calculate the remainder when 3370 is divided by 16.
10
What is the remainder when 198 is divided by 34?
28
Calculate the remainder when 111 is divided by 28.
27
What is the remainder when 2574 is divided by 112?
110
What is the remainder when 945 is divided by 15?
0
What is the remainder when 272 is divided by 194?
78
What is the remainder when 24427 is divided by 17?
15
Calculate the remainder when 9996 is divided by 200.
196
What is the remainder when 156 is divided by 31?
1
What is the remainder when 752 is divided by 45?
32
What is the remainder when 621 is divided by 12?
9
Calculate the remainder when 1379 is divided by 69.
68
What is the remainder when 1562 is divided by 16?
10
Calculate the remainder when 258 is divided by 136.
122
Calculate the remainder when 327 is divided by 30.
27
Calculate the remainder when 174 is divided by 36.
30
Calculate the remainder when 12875 is divided by 368.
363
What is the remainder when 177 is divided by 18?
15
What is the remainder when 1038 is divided by 40?
38
Calculate the remainder when 1028 is divided by 49.
48
Calculate the remainder when 487 is divided by 197.
93
What is the remainder when 179 is divided by 20?
19
Calculate the remainder when 235 is divided by 14.
11
Calculate the remainder when 54862 is divided by 27.
25
Calculate the remainder when 91 is divided by 13.
0
What is the remainder when 369 is divided by 7?
5
What is the remainder when 4519 is divided by 34?
31
What is the remainder when 3127 is divided by 18?
13
What is the remainder when 1284 is divided by 25?
9
Calculate the remainder when 120 is divided by 57.
6
Calculate the remainder when 5264 is divided by 62.
56
Calculate the remainder when 815 is divided by 400.
15
What is the remainde